3 - 11*v**2 + 24*v - 18. Give r(-13).
8
Let z(b) = b**2 - 14*b + 5. What is z(10)?
-35
Let j(k) = k**3 - 8*k**2 + 4*k + 7. Determine j(6).
-41
Let x(y) = -y**2 - 14*y - 23. Give x(-12).
1
Let n(f) = -f**3 + 13*f**2 - 12. Calculate n(13).
-12
Let y(r) = -r**2 + 24*r + 47. What is y(-2)?
-5
Let w(g) = -g**2 + 2*g + 28. Calculate w(0).
28
Let d(w) = -3*w + 28. Determine d(7).
7
Let k(i) = -4*i**3 + 2*i**2 - 5*i + 5. Determine k(3).
-100
Let x(g) = 17*g**2 + 3*g - 12. Give x(2).
62
Let s(z) = -z**2 - 14*z - 15. Determine s(-14).
-15
Let h(l) = l**3 + 9*l**2 + 5*l + 9. Calculate h(-6).
87
Let i(q) = -q**3 + 5*q**2 + 2*q + 6. Give i(6).
-18
Let w(t) = -t + 39. Determine w(0).
39
Let s(c) = c**2 - c - 12. What is s(6)?
18
Let a(q) = -2*q**3 + 32*q**2 + 31*q + 22. Determine a(17).
-29
Let t(o) = -7*o - 19. What is t(0)?
-19
Let d(o) = -23*o**2 - 2*o - 3. Determine d(-1).
-24
Let g(i) = -5*i - 38. Give g(6).
-68
Let s(g) = -g**3 + 19*g**2 + 17*g + 21. Give s(20).
-39
Let q(g) = g**3 + 15*g**2 + 11*g + 163. Give q(-15).
-2
Let x(n) = n**2 + 7*n - 14. Give x(-8).
-6
Let i(t) = -2*t**2 + 43*t + 9. What is i(22)?
-13
Let h(l) = 3*l - 22. Calculate h(5).
-7
Let n(s) = -s**2 - 36*s + 259. Calculate n(-42).
7
Let a(q) = -2*q**2 - 11*q - 5. Determine a(-4).
7
Let p(k) = -k**3 + 7*k**2 + 8*k - 3. Give p(8).
-3
Let o(n) = 3*n + 1. What is o(-3)?
-8
Let a(p) = -2*p**2 + 55*p - 91. Calculate a(26).
-13
Let s(w) = w**3 + 13*w**2 - 11*w + 11. Calculate s(-14).
-31
Let y(l) = 11*l**2 + 8*l - 6. What is y(1)?
13
Let f(b) = 2*b - 10. Give f(4).
-2
Let m(l) = -10*l**3 - 2*l**2 - 2*l - 1. Give m(-1).
9
Let o(z) = z**2 - 14*z + 55. Determine o(13).
42
Let x(q) = 2*q**3 - 6*q**2 - 9*q + 3. Calculate x(4).
-1
Let t(z) = -33*z + 504. Determine t(15).
9
Let z(m) = 2*m**2 + 12*m - 6. Determine z(3).
48
Let j(g) = 2*g**2 - 15*g + 23. What is j(8)?
31
Let a(j) = -j**3 + j**2 + 2*j - 1. Calculate a(-2).
7
Let m(o) = -o**3 + 10*o**2 - 14*o + 5. What is m(6)?
65
Let m(p) = p**3 + 21*p**2 - 4*p - 79. What is m(-21)?
5
Let a(k) = -k**2 + 14*k + 11. Calculate a(14).
11
Let v(w) = -w**2 + 6*w. Give v(4).
8
Let q(n) = n**3 + 17*n**2 + 46*n + 59. What is q(-14)?
3
Let g(j) = -j**2 - 12*j - 18. Give g(-10).
2
Let a(c) = 10*c**3 - 2*c**2 + 1. Give a(1).
9
Let k(r) = r**2 - 6*r - 10. Give k(7).
-3
Let q(h) = h**2 - 5*h - 145. Calculate q(15).
5
Let b(i) = -i**3 - 6*i**2 + 7*i + 2. Give b(-5).
-58
Let l(y) = -3*y**3 - 14*y**2 + 3*y + 6. What is l(-6)?
132
Let q(p) = p**3 - p**2 - p - 7. Determine q(0).
-7
Let s(d) = 7*d**2 + 2*d - 4. Give s(1).
5
Let j(r) = 5*r**2 - r - 3. Give j(2).
15
Let t(k) = -k**3 + 29*k**2 + 11*k + 574. Determine t(30).
4
Let k(q) = -3*q + 7. Determine k(-5).
22
Let d(o) = -2*o**2 + 20*o + 19. Calculate d(11).
-3
Let j(l) = l**3 - 5*l**2 + 4*l - 3. Give j(5).
17
Let t(o) = 2*o**3 - 15*o**2 + 8*o. Calculate t(7).
7
Let f(i) = -2*i**2 - 5*i + 22. Give f(3).
-11
Let k(v) = -v**2 - 5*v + 11. What is k(-5)?
11
Let i(f) = -f**3 - 9*f**2 + 12*f - 13. Determine i(-10).
-33
Let w(p) = -4*p**2 + 21*p + 4. Determine w(9).
-131
Let p(z) = -z**3 - 24*z**2 + z + 11. Calculate p(-24).
-13
Let v(z) = -z**2 + 8*z - 6. Calculate v(6).
6
Let c(h) = -27*h + 100. What is c(4)?
-8
Let f(y) = 5*y - 180. Calculate f(37).
5
Let m(g) = g**2 + 11*g + 20. What is m(-8)?
-4
Let p(m) = 5*m**2 + 16*m - 4. What is p(-4)?
12
Let l(n) = n**3 + 17*n**2 - 17*n + 28. Determine l(-18).
10
Let n(z) = -z**3 - 8*z**2 - 7*z + 28. Determine n(-6).
-2
Let j(b) = 14*b - 45. Calculate j(3).
-3
Let c(m) = 15*m - 175. Calculate c(9).
-40
Let q(o) = -o**3 + 8*o**2 - 7*o - 9. What is q(7)?
-9
Let z(f) = -f**3 - 8*f**2 - 8*f. Give z(-7).
7
Let i(m) = -7*m - 16. Determine i(10).
-86
Let y(k) = -k - 8. What is y(-11)?
3
Let z(l) = -5*l - 4. Give z(-3).
11
Let h(u) = -3*u**2 + 21*u - 3. Calculate h(9).
-57
Let n(l) = -20*l + 71. Determine n(0).
71
Let c(k) = -k**3 + 12*k**2 + 13*k + 53. Give c(13).
53
Let p(w) = -w**2 + 4*w - 6. Give p(6).
-18
Let y(x) = -4*x**2 - 27*x - 2. Give y(-6).
16
Let o(y) = -2*y + 9. Determine o(10).
-11
Let i(k) = -40*k - 471. Give i(-12).
9
Let m(o) = o**3 + 5*o**2 + 4*o + 1. Determine m(-5).
-19
Let z(r) = 2*r. Give z(-3).
-6
Let y(h) = -2*h + 10. Determine y(0).
10
Let q(z) = -z**3 - 14*z**2 - 19*z - 12. Determine q(-12).
-72
Let s(n) = -n**3 + 5*n**2 - 9. Give s(5).
-9
Let h(s) = -s**3 - 9*s**2 - 27*s - 54. Calculate h(-6).
0
Let k(i) = i**2 - 10*i - 7. Give k(10).
-7
Let d(g) = 20*g**2 - 6*g + 7. Give d(1).
21
Let w(m) = -m**2 - 7*m + 83. Calculate w(-13).
5
Let v(d) = -2*d**2 + 12*d + 11. Determine v(6).
11
Let a(d) = -9*d**2 - 8*d - 19. What is a(-2)?
-39
Let o(n) = 2*n**2 - 53*n - 15. Give o(27).
12
Let y(a) = a**3 - 25*a**2 + 45*a + 28. Determine y(23).
5
Let a(l) = l**3 - 5*l**2 + 3*l - 6. Give a(5).
9
Let k(h) = 73*h + 370. Give k(-5).
5
Let d(v) = v - 16. What is d(20)?
4
Let h(k) = 4*k + 5. What is h(-4)?
-11
Let r(z) = -z**3 + 5*z**2 + 9*z + 7. Calculate r(6).
25
Let t(y) = y**2 - 7*y - 16. Determine t(0).
-16
Let l(h) = -h**3 + 6*h**2 - 2*h - 18. Calculate l(5).
-3
Let t(l) = 4*l + 29. Determine t(-9).
-7
Let b(u) = u - 3. Give b(-11).
-14
Let x(i) = i**2 - 13*i + 10. What is x(12)?
-2
Let a(c) = -c**3 - 16*c**2 - 25*c - 149. Determine a(-15).
1
Let f(h) = h**3 - 8*h - 10. What is f(-2)?
-2
Let k(j) = j**3 + 8*j**2 + 11*j - 3. Calculate k(-6).
3
Let s(v) = -68*v + 2. Determine s(1).
-66
Let l(g) = -g**3 + 8*g**2 - 7*g. What is l(7)?
0
Let j(c) = 7*c + 57. What is j(-7)?
8
Let v(t) = -t**3 + 6*t**2 - 21*t + 48. Determine v(4).
-4
Let z(h) = -h**3 + 11*h**2 - 5*h + 52. Determine z(11).
-3
Let a(f) = -2*f**2 + 4*f + 4. Determine a(-1).
-2
Let b(t) = t**3 + 4*t**2 - 3*t - 16. Give b(-3).
2
Let x(a) = -2*a**2 - 7*a + 23. What is x(-7)?
-26
Let l(s) = 6*s + 3. Calculate l(-1).
-3
Let h(b) = 5*b. Give h(2).
10
Let u(p) = 51*p - 56. What is u(1)?
-5
Let h(v) = 12*v + 14. Give h(-1).
2
Let d(y) = -y**3 - y**2 - 2*y + 10. Give d(0).
10
Let g(t) = 41*t - 73. Determine g(2).
9
Let n(x) = x**2 - 35*x - 33. Determine n(36).
3
Let a(x) = x + 11. Calculate a(-4).
7
Let w(g) = -26*g - 2. What is w(-1)?
24
Let j(x) = 2*x**3 + 5*x**2 + 3*x + 4. Give j(-4).
-56
Let d(i) = -i**2 + 10*i + 24. What is d(13)?
-15
Let p(r) = -r**2 + 28*r + 45. What is p(31)?
-48
Let u(x) = 2*x + 12. What is u(-12)?
-12
Let j(p) = -p**3 - 6*p**2 - 3*p - 1. What is j(-6)?
17
Let f(t) = 2*t + 11. Calculate f(-8).
-5
Let x(o) = o**2 - 13*o - 1. Calculate x(14).
13
Let i(m) = -m - 24. What is i(-8)?
-16
Let g(j) = -2*j**3 - j**2 + 5*j + 1. What is g(4)?
-123
Let h(c) = -c**2 - 35*c - 48. What is h(-31)?
76
Let t(v) = 28*v + 1. Determine t(2).
57
Let z(r) = 2*r**2 - 60*r + 51. Determine z(29).
-7
Let u(m) = -2*m**3 + 21*m**2 - 31*m + 1. Calculate u(7).
127
Let y(b) = -9*b**2 + 4*b. Calculate y(3).
-69
Let l(z) = -166*z - 500. What is l(-3)?
-2
Let i(p) = p - 9. Calculate i(-4).
-13
Let i(v) = -v - 1. Give i(6).
-7
Let h(r) = -r**3 - 3*r + 3. Calculate h(2).
-11
Let w(i) = i**2 - 4*i + 14. Calculate w(4).
14
Let d(h) = -2*h + 60. Calculate d(28).
4
Let a(x) = -x**3 - x - 2. Determine a(-2).
8
Let a(y) = -y**3 - 11*y**2 - 2*y - 20. Give a(-11).
2
Let s(m) = -4*m**2 - m + 6. Give s(-2).
-8
Let h(l) = l + 6. What is h(-6)?
0
Let z(r) = r**3 + 4*r**2 - 8*r - 6. What is z(-5)?
9
Let g(t) = -t**3 - 3*t**2 - 3*t + 3. Calculate g(-2).
5
Let i(w) = w**2 + 15*w + 2. Calculate i(-7).
-54
Let w(k) = 18*k + 22. What is w(2)?
58
Let u(c) = -2*c**2 - 2*c + 10. Determine u(-5).
-30
Let i(s) = -77*s + 70. Calculate i(1).
-7
Let p(z) = z**2 + 24*z + 136. Determine p(-15).
1
Let a(r) = 22*r - 458. Determine a(21).
4
Let s(b) = 2*b**2 + b - 5. Determine s(4).
31
Let i(p) = 67*p**2 - p + 2. Determine i(-1).
70
Let k(u) = 2*u**2 + 24*u - 6. Calculate k(-10).
-46
Let a(t) = -t - 20. Give a(-20).
0
Let i(z) = 23*z - 19. Calculate i(6).
119
Let k(p) = -8*p + 14. Calculate k(1).
6
Let f(d) = d + 15. Calculate f(10).
25
Let f(n) = 16*n - 863. What is f(54)?
1
Let x(i) = 3*i + 7. Calculate x(2).
13
Let u(m) = m**2 - 9*m - 4. Give u(5).
-24
Let p(g) = -11*g**2. Determine p(1).
-11
Let v(l) = l**2 + 15*l - 12. Give v(-16).
4
Let k(v) = -v - 20. Calculate k(0).
-20
Let a(l) = l**2 + 40*l - 87. Calculate a(-42).
-3
Let w(t) = -2*t**2 - 25*t + 33. Give w(